2 + 153*u. Calculate a(4).
26
Let y(d) = -5*d**3 + 2*d**2 + d. Let r be 49/4 - (-5)/(-20). Suppose 0 = 3*n + r, -5*n - 27 - 38 = -5*c. Let g(i) = -2*i + 17. Let l be g(c). Determine y(l).
6
Let y(w) = -w**3 + 5*w**2 - 3*w + 3. Suppose -58 - 6 = -16*t. Calculate y(t).
7
Let o(a) be the second derivative of -a**5/20 - 7*a**4/12 - a**3/2 + 3*a**2 + 60*a. Give o(-5).
-29
Let c(b) = 1 - 2 + 5*b**2 - 2 + 6*b + 0 - 6*b**2. Suppose 0*m - 2 = -s + m, -4*m + 32 = 4*s. Determine c(s).
2
Suppose 16*n = 17*n + 19. Let r = n + 12. Let g(z) = z**3 + 7*z**2 + 6. Give g(r).
6
Let b(i) = i**3 + 13*i**2 - 15*i - 14. Let d(j) = -2*j**3 - 37*j**2 - 21*j - 68. Let u be d(-18). Calculate b(u).
0
Let d(u) be the first derivative of -u**3 - 5*u**2/2 - 2*u + 137. What is d(-3)?
-14
Suppose 0 = -5*j - 5*r - 15, 10 = -4*j - 3*r + r. Let z(g) be the first derivative of -g**4/4 + g**2 + 2*g - 4. Calculate z(j).
6
Let p(i) be the second derivative of i**3/6 + i**2 + 54*i. Give p(-9).
-7
Let f(y) be the second derivative of -y**5/20 - y**4/12 + y**3/6 + 510*y. Let b = 4 + -6. Give f(b).
2
Let g(o) = 2*o - 2. Suppose 40*b = 13*b - 162. Give g(b).
-14
Let g(k) = -38*k**2 + k - 2. Let h be g(2). Let z be h/(-20) - 6/10. Let a(v) = -v - 1 + 0 - z. What is a(-6)?
-2
Let l = -391 - -389. Let q(r) = r**3 + 2*r**2 + 2. What is q(l)?
2
Let r = 11 - 8. Let j be 8/r*(-27)/(-18). Let h(f) = 113*f**2 - 5*f - 112*f**2 + 27 - 23. What is h(j)?
0
Suppose 2*l + 12 = 11*j - 8*j, 3*j + 12 = -2*l. Let z(s) = -s**2 - 5*s + 1. Give z(l).
-5
Let w(s) = s**2 - 10*s + 1. Let r be w(10). Let k be r*(-3 + 5) + 1. Let a(f) = -2*f + 146 + 4*f - 149. Give a(k).
3
Let w(f) = f**3 + 8*f**2 + 5. Let i be w(-9). Let k = 73 + i. Let u(c) = c**2 + 2*c - 1. Calculate u(k).
2
Suppose 114*z = 110*z + 16. Let b(i) = -1. Let d(h) = h - 1. Let p = 1 - 2. Let n(c) = p*d(c) + z*b(c). Give n(-3).
0
Let q(y) = -y**3 - 12*y**2 + 15*y + 29. Let c be q(-13). Let v(l) = -l**2 - l + 1. Calculate v(c).
-11
Let k(o) = -11*o**2 + 3*o + 4. Let v(p) = 22*p**2 - 5*p - 7. Let m(w) = -5*k(w) - 3*v(w). Suppose -2*x = 3*x. Suppose -3 + x = -3*c. Calculate m(c).
-10
Suppose 21 = a + 2*a. Let p(u) = 7*u - u + u**2 - 2*u - a. Let j = -248 + 242. Determine p(j).
5
Let n(p) = -p**3 + 5*p**2 + 6*p. Let a be n(6). Suppose a = y - 3*y. Let l(b) = -5*b + 4*b**2 + y*b + 4*b - 3 + b**3. Give l(-4).
1
Let o = 195 + -197. Let k(s) = -s - 1. Let c(r) = 7*r + 8. Let g(a) = -5*c(a) - 40*k(a). Give g(o).
-10
Let n(r) = -19 + 4*r + 0*r - 1 + 0. Determine n(6).
4
Let r(k) = 3*k + k - 3*k**2 - 6*k**3 - 101 + 98. Calculate r(2).
-55
Let s(n) = n + 1. Let u = -20 + 23. Suppose u*j - 28 = -j. Calculate s(j).
8
Let h(d) be the first derivative of -3*d - 7/6*d**3 - 1/20*d**5 + 6 - 1/2*d**2 + 1/2*d**4. Let c(j) be the first derivative of h(j). Determine c(5).
-11
Let n(l) = -l**3 - 11*l**2 + 7*l - 15. Let u(f) = 2*f**3 + 11*f**2 - 5*f + 16. Let t(a) = -3*n(a) - 2*u(a). What is t(10)?
3
Let c(w) = 0*w**2 + 42*w - 2*w**2 + 4 - 4 - 46*w. Determine c(-3).
-6
Let w(b) = 9*b - 32. Let k(j) = -25*j + 92. Let t(c) = -4*k(c) - 11*w(c). Calculate t(0).
-16
Let b(v) = -11*v**2 + 34*v - 7. Let q(p) = 5*p**2 - 16*p + 3. Let d(a) = -6*b(a) - 13*q(a). Give d(-3).
0
Let i(b) = b**3 - 3*b**2 + 8*b - 15. Let s be i(2). Let p(a) = a**3 + 2*a**2 - 5*a - 3. What is p(s)?
3
Let r(b) = 5*b**2 + 9*b + 3. Let x(p) = -15*p**2 - 29*p - 10. Let i(o) = 13*r(o) + 4*x(o). What is i(-1)?
3
Let u(c) be the second derivative of 1/20*c**5 + 0 - 5/2*c**2 + 5/6*c**3 - 1/2*c**4 + 30*c. Suppose 4*v + 4*j - 40 = 0, -2*j = 4*v - 1 - 29. Give u(v).
-5
Let d(v) be the first derivative of -v**3/3 + 11*v - 10. Determine d(-4).
-5
Let c(h) = h + 4. Let q be c(0). Let s(i) = 27 + i + q*i - 4*i - 31. What is s(6)?
2
Let y(m) = m**3 + 4*m**2 - 3*m + 7. Let w(s) = -3*s + 31. Let n be w(12). Give y(n).
-3
Let b(v) = v**3 + 12*v**2 + 3. Let k(u) = 41*u + 357. Let q be k(-9). Give b(q).
3
Let s(t) = -t**3 - 3*t**2 + 2*t - 1. Let k(h) = -2*h**2 + 8*h + 7. Let i be 1 + -10*(-6)/15. Let x be k(i). What is s(x)?
-7
Let c be 8/(-12)*(-3 + 0). Suppose -9 = -4*m - z + 8, 0 = -m - z + c. Let l(b) = -b**3 + 4*b**2 + 4*b - 3. Determine l(m).
-8
Let y(n) = n**2 + 4*n - 5. Let c(k) = -3*k**2 + 22*k + 52. Let p be c(9). Give y(p).
72
Suppose 0 = -u - 11*u - 24. Let g(a) = -a**3 + 4*a + 5. Determine g(u).
5
Let k(h) = -9*h + 9. Let x(b) = -5*b + 5. Let l(j) = -6*k(j) + 11*x(j). Calculate l(3).
-2
Let r(w) = -w**2 + 6*w - 3. Let p(o) = -5*o**3 - o**2 + 1. Let g be 2*9/(-12)*-2. Suppose 2*d - 1 + g = 0. Let s be p(d). Give r(s).
2
Suppose 5*p = p - 44. Let n = 17 + p. Let s(b) = -b + 1. What is s(n)?
-5
Let h be 1 - 0 - (6 - 0). Let r = -12 - h. Let u(y) = -y - 5. What is u(r)?
2
Let c(j) = -19*j**2 + 120*j + 1. Let x(v) = -9*v**2 + 59*v. Let y(o) = 4*c(o) - 9*x(o). Calculate y(10).
-6
Let i(y) = -y + 12. Let f be i(9). Let u(p) = 5 - 7*p**2 + p + 2*p + p**f + 12*p**2. Suppose -12 = 4*d + 4. Calculate u(d).
9
Let o(l) = -l**3 - 5*l**2 + 5*l + 2. Let k be 0 - 1 - (-5 - -1). Suppose r + 2*s = -3, s - 1 = 5*r + 14. Let g be -1 - r*(-5)/k. Calculate o(g).
8
Let l(w) be the first derivative of w**3/3 - w**2/2 - 5*w + 320. Determine l(4).
7
Let m = -115 + 115. Let i(n) = -3*n**3 + 9*n**3 - 1 - 5*n**3 - 2*n**2 + n**2. What is i(m)?
-1
Let v(g) = g**2 + 2*g. Suppose -2*f - 550 = 2*b + 162, -f - 372 = -3*b. Let c be f/84 + 2/7. What is v(c)?
8
Let y(w) be the second derivative of -2*w**2 + 0 - 1/6*w**4 - 13*w - 7/6*w**3. Determine y(-5).
-19
Let f = 6 + -12. Let i be (12/(-8))/(f/4). Let k(v) = -13*v**2 + 5*v**2 + 10*v**3 - v + 8*v**2. What is k(i)?
9
Let g(n) = n + 0*n + 0*n - 9. Suppose -12 = -4*w - 4*q, 9 = -2*w + 4*q - 9*q. Let z be 24/w + 0 + -3. Give g(z).
-9
Let c be 0*(-2)/4*1. Suppose c = -3*m - 4*z - 13, -11 = -2*m - m + 2*z. Let v(a) be the second derivative of 2*a**3/3 - a**2/2 + 474*a. What is v(m)?
3
Let s(o) = -10*o**2 - 5*o - 6. Let c be s(-3). Let i = 77 + c. Let d(n) = 4*n - 2*n + 1 - 3*n**2 - 5 - n**3. Determine d(i).
4
Let t(g) = -4*g**2 - 6*g**2 - 2*g**2 - 14*g + 16*g**2 + 9 - 5*g**2. Calculate t(-14).
9
Let j(w) be the first derivative of w**4/4 + 13*w**3/3 + w**2 + 8*w + 320. What is j(-13)?
-18
Let s(f) be the third derivative of f**6/360 + f**5/120 - f**4/24 + 5*f**3/6 - 24*f**2. Let v(m) be the first derivative of s(m). What is v(1)?
1
Let q(a) = 5*a + 8. Let l(x) = x + 1. Let b(k) = 6*l(k) - q(k). Let r be (6/4)/((-6)/88). Let s be r/(-8) + (-7)/(-28). Determine b(s).
1
Suppose -3*y - 15 = -3*f, -3*y - y - 26 = 2*f. Let v be 8/y + 35/(-21). Let x(m) = -2*m - 4. Determine x(v).
2
Let c(n) = -n - 4. Suppose 2*j - 11 = 11. Suppose 0 = 3*f + r + 13, -4*f = r - 6*r + j. Give c(f).
0
Let q(u) be the first derivative of -u**5/60 - 3*u**4/8 + u**3/2 - 15*u**2 - 31. Let r(w) be the second derivative of q(w). Determine r(-8).
11
Let m(c) = c**3 - 5*c**2 + 2*c. Let r = -18 + 10. Let a be r/20*(22 - 2). Let i = a - -12. Determine m(i).
-8
Let n(h) = h + 17. Let p be n(-7). Suppose p*q = 11*q - 1. Let f(t) = -10*t + 1. Calculate f(q).
-9
Let y = -22 - -16. Let g be 3 - 9/y*4. Let b = g - 6. Let j(q) = -q**2 + q + 2. Give j(b).
-4
Let n(y) be the third derivative of -y**6/120 - y**5/6 - y**4/3 + y**3/6 - 2*y**2. Let r = -5479 - -5470. What is n(r)?
-8
Let z(l) = l**2 - l - 5. Suppose 13 = r + 3*t, -3*r + 1 = -5*t + 4. Calculate z(r).
7
Let m be (6/(-9))/((-2)/(-9)). Let y be (m - 3/(-1)) + 6. Let u be (y/(-9))/(4/(-18)). Let f(i) = -i**2 + 4*i - 1. What is f(u)?
2
Suppose 0 = -18*r + 414 - 378. Let h(j) be the first derivative of -2/3*j**3 - 8 - 1/2*j**r + 1/4*j**4 + j. What is h(2)?
-1
Let j(o) be the second derivative of 0 - 1/6*o**3 + 5*o**2 + 2*o. Let i = 23 + -18. Calculate j(i).
5
Let t be (-1 - (3 + -1))/(-1). Suppose -9*r - t = -8*r. Let w(d) = -d. What is w(r)?
3
Let p(y) be the second derivative of y**4/12 + y**3/2 + 3*y**2/2 + y - 2. What is p(0)?
3
Let o(x) = -11*x - 6. Let f(h) = 4*h + 2. Let s(n) = -7*f(n) - 2*o(n). Determine s(-2).
10
Let z(l) be the third derivative of -35*l**2 - 1/3*l**3 - 1/12*l**4 + 0*l + 0. Calculate z(-2).
2
Let g be ((-6)/(-4))/(6/(-24)). Let w(t) = -4*t**2 - 5*t - 6. Let v(d) = -11*d**2 - 16*d - 17. Let j(k) = 3*v(k) - 8*w(k). Give j(g).
9
Let s(n) = -n - 2. Let f(o) = -2*o + 2. 